et r(t) = t**2 - t - 8. Suppose -4 = 4*b - 3*b. Let k(j) = b*y(j) - 3*r(j). Determine k(-3).
-4
Let m = -14 - -20. Suppose -4*x + 4*f - 3 = -11, -5*x = -3*f - m. Let d(g) = 7 + x*g + 0*g + 3*g - 2*g + g**3. Give d(0).
7
Let p(w) = -w**3 - w**2 + 1. Let a be 0/(-1)*(-12)/(-12). Calculate p(a).
1
Let m(o) = -5*o**3. Let b be m(-1). Let h(a) = a**2 - 6*a + 6. Calculate h(b).
1
Let y(b) = b**2 + 3*b - 4. Let q(t) = -2*t**2 - 2*t + 3. Let x(s) = 3*q(s) + 2*y(s). Let i(j) = j**2. Let d(u) = -3*i(u) - x(u). Determine d(4).
15
Let o be (9/(-2))/(3/(-4)). Let g be o/2*(-1 + 2). Let i(l) = 6 + l + 3*l - l**g - l**2 - l**2 + 3*l. Calculate i(-4).
10
Let w(c) = -c**2 + c. Let u = -74 - -73. What is w(u)?
-2
Let z(x) = x**3 + 11*x**2 + 11*x + 3. Suppose -9 + 68 = -5*t - 3*g, -2*t - 26 = 2*g. Give z(t).
-7
Let h(k) = -26*k - 1. Let x be h(-1). Suppose 0 = -5*a + x, n + 4*a - 26 = -0*n. Let d(f) = f**3 - 5*f**2 - 4*f + 2. Give d(n).
14
Let o(h) = 7*h**2 - 4*h + 2. Let i(u) = 20*u**2 - 12*u + 5. Let w(t) = -6*i(t) + 17*o(t). Determine w(5).
-1
Suppose -x = -6*x - 30. Let y(a) = 2*a + 7. Determine y(x).
-5
Let d(k) be the second derivative of 3*k**2 + 7/6*k**3 - 5*k + 0 + 1/12*k**4. What is d(-4)?
-6
Suppose -25 = -5*x - l, -3*x + 5 + 2 = -l. Let u(j) = j**3 - 5*j**2 + 7*j - 5. Determine u(x).
7
Let x(y) be the first derivative of -y**2/2 + 2*y + 1. Let b(m) = m**3 - 3*m**2 - 2*m + 2. Let n be b(3). Let j = n - -8. Calculate x(j).
-2
Let x(g) = -g**3 + g**2 + g + 7. Let y be x(0). Suppose 0 = 3*p - 4*a + 8, 3*p - 14 = y*p - 2*a. Let u(i) = 6 + i**2 - 10*i**2 + 7*i + 10*i**2. Determine u(p).
-6
Suppose 0*a + 5*a - 10 = 0. Let p(h) = -h**a + h**2 - 4 - h**2. Suppose 0 = 3*n + n. What is p(n)?
-4
Let z be 2/9 + (-33)/27. Let x(d) = d. Give x(z).
-1
Let g(z) = z + 4. Suppose -4*l + 16 = 0, -3*n + 4*l + 8 = 3*l. Suppose -4*u - 8 = -3*p + p, n*p + 11 = -u. Determine g(u).
1
Let a(v) = v**3 + 4*v**2 - 6*v - 6. Suppose -4*r + 116 = 2*c, -4*r = 5*c - 4*c - 116. Suppose 4*o + r = 5. Let l be (-11 + 1)*(-3)/o. Calculate a(l).
-1
Let g(n) = -n**3 - 14*n**2 + 16*n + 19. Let q be g(-15). Let c(p) = -2*p - 2. Calculate c(q).
-10
Suppose -2*q + 12 = -4*q. Let c(x) = -x**3 - 5*x**2 + 5*x - 4. What is c(q)?
2
Let c(k) be the second derivative of k**4/12 + 2*k**3 - k**2 - 3*k. Let u be c(-12). Let i(l) = -2*l**2 - 4*l - 2. What is i(u)?
-2
Let p(w) = 4*w**2 + 7*w - 6. Let y(v) = -5*v**2 - 8*v + 7. Let z(x) = 6*p(x) + 5*y(x). Determine z(2).
-1
Let q(o) = 4*o - 3. Let f(s) be the second derivative of s**3/2 - s**2 + s. Let p(g) = -3*f(g) + 2*q(g). Calculate p(5).
-5
Let j(d) = d + 12. Suppose 3*n = 1 + 5. Suppose 1 - 4 = 5*h - f, -2*f + 6 = -n*h. What is j(h)?
12
Let x(v) be the third derivative of v**8/20160 + v**7/5040 + 7*v**6/720 + v**5/20 - v**2. Let c(l) be the third derivative of x(l). Give c(0).
7
Let h = -3 + 5. Let k(l) = 2 + 2 - l + 4*l - l**h - 1. What is k(5)?
-7
Suppose 4*s + 2*m - 4 + 30 = 0, -17 = -2*s + 5*m. Let z(k) = -2*k + 1. Let a(o) = -6*o + 3. Suppose 3*u - 1 = 32. Let t(r) = s*a(r) + u*z(r). Determine t(1).
1
Let g = -2 - -5. Let h(t) = -3*t + 6*t + 3 - g*t**2 + t**3 + 7*t**2. Give h(-3).
3
Let f = -56/3 - -75/4. Let b(q) be the second derivative of -2*q + 1/20*q**5 + 0*q**3 + 0 - f*q**4 + 0*q**2. What is b(2)?
4
Let w be ((-6)/15)/(2/(-10)). Let a(i) = -16*i**3 + 21*i**2 + 16*i - 16. Let c(l) = 3*l**3 - 4*l**2 - 3*l + 3. Let o(q) = w*a(q) + 11*c(q). Calculate o(2).
-1
Let j(r) = -r**3 + r**2 - r + 19. Let q = -84 + 84. Calculate j(q).
19
Let c(b) = -2*b**2 + 5*b + 1. Let v = 10 - 8. Let l = v - -2. Determine c(l).
-11
Let a(d) = -d**2 + 6*d - 3. Suppose p = 2*t - 8, 0*p - 5*p + 20 = 0. Determine a(t).
-3
Let z be (10/(-4))/(3/(-6)). Suppose 5*o = 4*n - 0 + 20, n + 3*o = -z. Let x = -3 - n. Let g(b) = -b**3 + b**2 + b. Give g(x).
-2
Let p(h) = 2*h - 2*h**2 + 1 - h**2 + 0*h**2. What is p(2)?
-7
Let u(v) = -v + 1. Suppose 3*t - 2*z = 25 - 9, -3*t = z - 1. Let i = t - 7. Let o be u(i). Let l(c) = -c**2 + 6*c + 3. Calculate l(o).
3
Let s be (-2)/(-13) - 168/(-91). Let d = -2 - s. Let t(n) = 4*n - 2. Let z(h) = 3*h - 1. Let p(y) = 2*t(y) - 3*z(y). Calculate p(d).
3
Let q(a) = -2*a**3 - a**2. Let i(d) = -d - 6. Let y be 0 + 2 + 3 + -2. Let x = -2 - y. Let v be i(x). Determine q(v).
1
Let h = -29 + 24. Let d(g) = 3*g**2 + 7*g**2 + 4*g + 1 + g**3 - 4*g**2. Calculate d(h).
6
Suppose 10 = -4*z - z. Let v(d) be the third derivative of 1/8*d**4 + 1/3*d**3 + 0 + 2*d**2 + 0*d + 1/60*d**5. Calculate v(z).
0
Let f(u) be the third derivative of u**5/20 + u**4/24 - u**3/6 + u**2. Let g be ((-15)/10)/(9/(-6)). What is f(g)?
3
Let k = -6 + 8. Let a = -3 + k. Let g(j) = 2*j**2 - 7*j - 1. Let n(u) = -u**2 + 6*u + 1. Let i(o) = 4*g(o) + 5*n(o). What is i(a)?
2
Let t = 26 - 24. Let r(k) = k**3 + 1. Let m(a) = -3*a**3 + 2*a**2. Let u(j) = -m(j) - r(j). Give u(t).
7
Let d(y) = y**2 - 10*y**3 - 5*y**3 + 5*y**3. Give d(-1).
11
Let u(m) = -m - 14. Let z = 74 - 82. Give u(z).
-6
Let d(j) be the first derivative of j**4/4 + 2*j**3/3 + j**2/2 - 7*j + 1. Let o(u) = u**2 + u + 1. Let f(x) = -d(x) + 2*o(x). Calculate f(0).
9
Let n(f) be the first derivative of -f**4/4 - 8*f**3/3 - 5*f**2/2 + 9*f + 1. Calculate n(-7).
-5
Let w(s) = -13*s**3 - s**2 + s + 1. Let u be w(-1). Let g(z) = -z - 5 + 6*z**2 + u - z**3 - 5*z. Suppose 3*y = -0*y + 15. Give g(y).
2
Suppose g + 0*g - j - 6 = 0, 2*g - 22 = 4*j. Let y(f) = 25*f + 30. Let c(o) = -o - 1. Let r(p) = 30*c(p) + y(p). Give r(g).
-5
Let a(o) = -o**2 - 5*o - 5. Let q(y) = 6*y**2 - y. Suppose g + 4 = -3*g. Let x be q(g). Suppose 0 = -x*t + 5*t - 10. Determine a(t).
-5
Let u(t) be the second derivative of -t**4/12 - 7*t**3/6 - 3*t**2 - t. Let w be (-2 - -2)/((-4)/2). Suppose w = 3*n + 15. What is u(n)?
4
Let k(u) = 7*u**3 + 1. Let f = -38 - -37. Give k(f).
-6
Suppose -16 = -0*d - 4*d. Let j(g) = g**2 - 3*g + 1. Give j(d).
5
Let z(q) = -5 + 3*q - 4*q + 2*q + 4. Determine z(0).
-1
Let t(n) = n + 4. Let b be (-1)/((-26)/12 + 2). Suppose u = y + b, 2*u - 5*y = -9*y - 18. Let h = u + -5. Determine t(h).
0
Let r = 11 - 11. Let o(m) = -m + 3*m - m. Calculate o(r).
0
Let t(n) be the third derivative of n**5/60 + 7*n**4/24 + n**3 + 8*n**2. Suppose 20 = -w - 3*w. Calculate t(w).
-4
Suppose 3*x = -3*l - l + 4, 0 = -4*x + 2*l + 42. Let z(b) = 2*b - 9. What is z(x)?
7
Let c(o) = -6*o**2 + o**2 + 2 + 120*o**3 + 7*o - 121*o**3. Give c(-6).
-4
Let o(t) = -2*t - 3. Suppose 2*l - j = j, -5*l = -3*j + 10. Give o(l).
7
Let q(x) be the third derivative of x**7/840 + x**6/90 - x**5/15 - x**4/4 - 2*x**3/3 + 6*x**2. Let b(l) be the first derivative of q(l). Determine b(-5).
9
Suppose 6*k - 15 = 3*k. Let s(m) = -m**3 + 9*m**2 - m. Let z(o) = o**2 + o - 1. Let u(v) = s(v) - 3*z(v). Give u(k).
8
Suppose 1 = 4*t - 3. Let s(y) = y. Let j(h) = 15*h**2 + 2*h. Let g(v) = j(v) - 4*s(v). Let z(w) = 7*w**2 - w. Let a(r) = 2*g(r) - 5*z(r). What is a(t)?
-4
Let x(u) = u**2 - 4*u + 1. Let m be x(3). Let t(n) = n**3 + 3*n**2 - 2*n - 3. What is t(m)?
5
Let g(a) be the third derivative of a**4/24 + a**3/6 - a**2 + 10. Give g(-5).
-4
Suppose 3*w + 2*k + 20 = 0, w - 3*k - 10 + 2 = 0. Let l(c) = -3*c**2 + 6*c**2 + 0*c**2 - 2*c**2 - 3 + 4*c. Calculate l(w).
-3
Let w(o) = 7*o - o**3 + 2 + 0*o**3 + 0*o**3 - 8*o. Give w(2).
-8
Let c(g) = -g + 1. Let d be c(6). Let u(q) = -248*q**3 + 3 + 247*q**3 - 6 + 0 - 4*q**2 + 4*q. Give u(d).
2
Let w(j) = 0*j + 4*j - 3*j. Let f = 11 + -27. Let y = f + 17. Determine w(y).
1
Suppose 0 = l + 7*n - 2*n + 5, n = -5*l - 25. Let c(b) = -b**3 - 4*b**2 + 6*b + 7. What is c(l)?
2
Suppose 5*x + 14 = -6. Let p be 0 + x/((-12)/(-9)). Let m(i) = i**2 + i - 1. Give m(p).
5
Let b(d) be the third derivative of d**6/360 - d**5/20 - d**4/12 + d**3/3 - 2*d**2. Let t(z) be the first derivative of b(z). Give t(6).
-2
Suppose 2*x - 4*m = 0, -3*m - 2*m = 2*x + 27. Let j(s) = -s + 18. Let k(a) = 3*a - 53. Let i(l) = x*k(l) - 17*j(l). What is i(5)?
7
Let v(q) = 3*q**2 - 2048*q - 2*q**2 + 2047*q - 6. Suppose 2*h + 5*u = -0*h + 20, -2*h - u = -4. Give v(h).
-6
Suppose 5*f + 2*c - 20 = 3*f, -52 = -5*f - 4*c. Let r(v) = v**2 - 6*v + f - 8 - v + 4*v. What is r(3)?
4
Let b = 27 - 28. Let d(l) = 7*l**3 - 2*l**2 + 1. Give d(b).
-8
Let y(a) = -a - 1 + 1. Let q be 30/(-8) + (-12)/(-16). Le